- 81 - (-24 + 3).
-14
Calculate 1 + -51 + (7 - -26).
-17
What is -36 - ((-14 - -10) + -12)?
-20
Calculate (3 - 3) + 1 + -15 + 32 + -26.
-8
What is 4 - (73 + -68 - (-1 - 2))?
-4
(13 - -6) + 0 + -13 + 7
13
Evaluate -43 + 23 - (1 + -1 + -7).
-13
What is the value of 7 - ((-5 - 2) + 2 + -7 - 11)?
30
Calculate (-25 - -21) + (34 - 12).
18
Evaluate 3 - (25 - 31 - (-4 - 0)).
5
What is (13 + -11 - 4 - 1) + -10?
-13
(1 - 39) + -3 + 44
3
What is the value of -27 - (35 - 68) - (-2 + 20 + -1)?
-11
What is 31 + -38 + -9 + 4 + 17?
5
-16 + (29 - 33 - (0 + -1))
-19
Evaluate (14 - 0) + -33 + 14 - -4.
-1
(28 - (1 + 13)) + -6
8
What is the value of (6 - 2 - 5) + 7?
6
What is -1 - 24 - (-9 - -6 - 6)?
-16
What is -10 + 4 + (1 - -2 - -3 - 9)?
-9
What is 12 - (23 + 0 - ((17 - 23) + 7))?
-10
Evaluate (-4 - 3) + 17 + (-2 + 13 - 13).
8
(0 - 6) + -6 + 6 - (-12 + 25)
-19
What is the value of -1 + -9 - (43 + -33 + -20)?
0
5 + (91 - 93 - (9 + 0))
-6
What is the value of -16 - (2 + 1 - (109 - 107))?
-17
Calculate (30 - (1 - -1)) + -1 + -10.
17
(-8 - -16) + 20 + (9 - 24)
13
What is the value of (-2 - -28) + (-50 - -15)?
-9
Evaluate 22 + 8 + -19 + -10.
1
What is the value of -20 - -47 - (9 - 1)?
19
What is -13 - (-24 - -13 - -3)?
-5
Calculate -4 - (-8 + 7) - (30 - 42).
9
Calculate -1 + -3 - (-86 + (3 - -70)).
9
What is the value of -11 + (24 - (-11 + 21))?
3
Calculate -8 - 7 - (10 + -9 + (-5 - -7)).
-18
What is 28 - (0 - (-6 + (-1 - (10 + -6))))?
17
What is the value of (-1 - 6) + (62 - 44)?
11
Evaluate (0 - -20) + (-34 - -6 - -18).
10
What is 46 - (15 + 11 + -4)?
24
Calculate (-271 - -274) + (2 - 0 - 3 - 2).
0
What is -212 - -185 - (2 + (-2 - 11))?
-16
What is the value of -4 + -3 - (2 + 6 - 10)?
-5
Calculate -8 + 28 + -30 - -17.
7
Calculate -26 - (-79 - -52) - (0 + (1 - -3)).
-3
What is the value of (-1 - 13) + 81 + -88 + 5 + 0?
-16
Calculate (3 - 8) + -3 - -4 - (0 + -8).
4
-14 + 22 + -4 - (1 - -13 - -2)
-12
Calculate (3 - (1 - 20)) + -23.
-1
Calculate 3 + (-22 + 13 + -11 + 6 - 6).
-17
What is the value of -969 + 951 - (-1 - (-2 + 55))?
36
Evaluate 4 - (0 + (-16 - -13)).
7
What is the value of 13 + (-14 - -5) - (-15 + 40)?
-21
14 + 0 - 0 - (36 - 0)
-22
What is (-11 + -2 - (-212 + 225)) + 18?
-8
Evaluate 73 + (104 - 186) - (5 - (-1 - -1)).
-14
Evaluate -4 - -11 - ((0 - (-1 - 1)) + 1).
4
What is -67 + 65 + (18 - -3)?
19
What is (2 - 4) + -6 + 4 - (11 + -15)?
0
-27 + (-22 - 9 - -41)
-17
What is the value of (37 - 1) + -28 + (-8 - 1)?
-1
Calculate -20 + 2 + 13 + 20.
15
13 + -25 + (10 - 0)
-2
4 + (6 - (-2 + 1 + -62 + 67))
6
Calculate 50 + -49 + 0 + -2.
-1
Evaluate (-2 - (2 + 2)) + 21 + (-39 - -23).
-1
What is the value of 10 + 2 - 2 - 22 - (-34 - 1)?
23
Evaluate (11 - (-15 + 20)) + (-34 - -2).
-26
4 + (-2 - 17) + (18 - 3) + -11
-11
What is 1092 + -1090 - (1 - (0 + 26))?
27
What is the value of -3 - (10 + -6 + -1) - -15 - -2?
11
221 - 216 - (1 + 28)
-24
Calculate 5 + 3 - ((76 - 64) + (1 - 12)).
7
Calculate 1 - -1 - ((-45 - 0) + 52).
-5
0 - -3 - (-6 + 4 - -25)
-20
What is the value of (0 + 1 - (21 + -54 + 44)) + 14?
4
Evaluate -1 - (-12 + (25 - 4)).
-10
What is the value of 25 + (7 - -18 - 27)?
23
What is the value of (186 - 172) + 3 + -15?
2
(2 - 7) + 6 - -3
4
What is the value of -17 + 11 - -21 - (1 + -4 + 6)?
12
Calculate 1 - (7 + -3 + (6 - (15 - 1))).
5
What is 1 + 35 + -1 + -18 + -33?
-16
What is the value of 5 - (0 - (11 - 25)) - 19?
-28
What is the value of 100 - 94 - (-8 - (-1 + 2 + 1))?
16
Calculate 19 - 2 - (6 + 1 - (1 - -2)).
13
Calculate -23 + -1 - (-473 + 461).
-12
Calculate 1 - 12 - (19 + (-23 - -4)).
-11
What is 9 + 4 + -24 + 7 + (-1 - -4)?
-1
-7 + -1 + (0 - 9) + (29 - 15)
-3
-16 + 21 + 19 - 20
4
What is -21 - ((-27 - -14) + 4)?
-12
-14 - ((-4 - -10) + -15)
-5
-345 + 358 + -1 + 0
12
Evaluate 10 + (3 - -8) + (-50 - -40).
11
What is 11 + -13 - (3 + 0 - (7 - -9))?
11
Evaluate 2 + (-2 - 0) + (0 + -24 - -20).
-4
What is -28 + (34 - 12) + -7?
-13
Calculate (13 + -25 - -46) + -4 - 11.
19
(-74 - -66) + (9 - (2 - 1))
0
What is 3 + 2 - (94 + -87)?
-2
Evaluate -2 + 10 - 1 - (64 - (65 + -32)).
-24
Evaluate 18 - (20 - -10) - (5 + 1).
-18
Calculate 7 - ((-8 - (-6 + -8)) + 14).
-13
What is the value of -14 + (4 - -1) - (-20 + 7)?
4
What is the value of -3 + 2 - (20 + (-47 - -9))?
17
Calculate (-24 - ((14 - 15) + (3 - -1))) + 1.
-26
28 - 4 - (15 + 0)
9
What is the value of 16 - (-20 + (91 - 42))?
-13
Evaluate -34 - (-16 - (33 - 25)).
-10
What is 56 - 59 - (4 + -7)?
0
What is 1 + 6 - (0 + (32 - 15))?
-10
What is the value of 5 + (-36 - (6 - 19)) + -1?
-19
What is the value of 5 - (13 - ((-6 - -13) + -6 - 2))?
-9
Calculate -10 + 3 + 3 - (96 - 105) - 29.
-24
What is the value of -18 + (13 - (1 + -1))?
-5
Evaluate -3 + 1 + -5 - -7 - 2.
-2
Evaluate (1 - 21) + (-8 - -14 - 19) + 10.
-23
What is the value of 25 + (11 - (-11 - -34))?
13
Calculate -10 - (0 + 3) - -11.
-2
What is the value of -25 + (-11 - (-56 + 9))?
11
Evaluate -29 + 47 - (17 - 12).
13
What is (-19 + 16 - -1) + 17?
15
-5 + (71 - 64) + (-1 - 26)
-25
What is (0 - -9 - 6) + (1 - 16) + 4?
-8
(16 - (-5 - -13) - -5) + 3
16
What is the value of 12 - 1 - (-52 + 63)?
0
What is -18 + 2 + (-8 + 9 - 2) + -11?
-28
What is (17 - (30 - 9)) + 21?
17
What is the value of 9 - (7 - -1 - -4)?
-3
Evaluate -8 - 0 - (12 - (16 + -12)).
-16
4 + (-12 - (9 + -14 - -13))
-16
What is 18 + 0 - (-27 - -24 - -6)?
15
What is (-3 - 1 - (-4 + 1)) + -6?
-7
What is -4 + -6 + (58 - 49)?
-1
What is (-5 - (-4 - 11)) + -4 - 22?
-16
Evaluate -36 + (5 - (-2 + -7)).
-22
20 - (12 - 17 - 0 - (-6 - 4))
15
Calculate -1 - ((-1 + -1 - -7) + -8).
2
(-1 - -2) + -3 - (-26 + 29)
-5
Calculate 335 + -390 - (0 + -14) - -15.
-26
Calculate (11 - 23 - -15) + -2 + 13.
14
What is the value of (-18 - -4) + 12 + -9?
-11
What is (-12 - -6) + 17 + -5 + 3?
9
Calculate -46 - (-75 - -9) - ((7 - 1) + 2).
12
Evaluate (-7 + 2 - (25 + -23)) + -5.
-12
What is the value of (-3 - -9) + (-31 - (-5 - 11))?
-9
What is the value of -29 + -36 + 66 - -9?
10
Evaluate -5 + 3 - (-11 + (2 - 2) + 6).
3
(7 - 6 - 3) + 10 + -5 + -2
1
(15 - 23) + 1 - (-20 - -1)
12
What is (4 - 0) + 4 + -7 + -5 + 7?
3
11 - (-3 - (-9 + 8))
13
Calculate (12 - 19) + -9 + (1 - -2).
-13
What is the value of -1 + -1 - (0 - (1 + 1 + -7))?
-7
What is the value of 3 + 7 + -35 + 39?
14
Evaluate 20 - (12 + -2 - -1).
9
Calculate 0 + 9 + -32 + 0 + -3.
-26
What is the value of (-19 - (-39 - -20)) + 14?
14
What is 11 + -28 - (-3 + -6)?
-8
Calculate 12 - (32 - 29) - -10.
19
Evaluate (136 - 114 - (2 + -4 + -1)) + -4.
21
(-4 - 1) + -27 + (8 - -2) - -8
-14
Evaluate -14 - (8 + (-8 - -2)) - -7.
-9
What is 13 + -2 - (27 - 17 - 6)?
7
What is 2 + 13 + 4 + -16?
3
What is (25 - (19 - -14)) + -3 + -1?
-12
What is the value of -5 + 8 + 3 + 2 + -2 + 2?
8
What is -7 + (21 - 10) - 10?
-6
1 + 5 + (27 - 13) + (-1 - 6)
13
What is the value of (-5 - (10 + -17)) + -4 - 2?
-4
What is the value of -21 - (-46 - (-18 + -1))?
6
Evaluate -2 + -6 - (-83 - -68).
7
What is -3 + 15 + 37 + -48 + 7?
8
Calculate 2 - (56 - 18) - -20.
-16
26 + (-2 - -3) - (1037 + -1018)
8
Calculate (-13 - 9) + (2 - -10).
-10
What is 39 + 1 + -13 + -18 + -10?
-1
Calculate -23 + 16 + 32 + -13.
12
Evaluate (18 - 8) + -3 + (-2 - -1) + -12.
-6
Evaluate -5 - ((0 + 5 - 12) + 10).
-8
19 + (-29 - 14) - -30
6
Evaluate 56 + -15 + -21 + -10.
10
What is (-2 - (-25 + 0)) + 1947 + -1934?
36
Calculate 11 + (15 + -8 - (15 + 2)).
1
-9 - 5 - -17 - 2
1
What is 7 - -1 - (-4 + 14 + -6 + 25)?
-21
What is the value of 18 + 17 + (5 - 23)?
17
What is 5 + 6 + (6 + -14 - -2)?
5
What is the value of (5 - 4) + (-3 - 4) + (1 - -2)?
-3
What is (-8 - (-9 + -4 - -5)) + -5?
-5
Calculate (-33 - -11 - (2 + 1)) + 7 + 4.
-14
Calculate (4 - (-2 + -2)) + (6 - 9) + 1.
6
Evaluate 14 - (11 + 3) - -7.
7
Evaluate (6 - (-5 - ((0 - -6) + -16))) + 12.
13
What is (-21 + 18 - 44) + 35?
-12
What is (1 + 1 + 2 - -1) + -188 + 190?
7
Evaluate -10 + -15 + 14 + -3 + 2 + 4.
-8
Calculate -8 - (3 - 1 - (21 - 18)).
-7
Evaluate 207 + -221 + 24 + -1.
9
Calculate 2 + (-80 - -82) + (2 - (0 + 0)).
6
(26 + -18 - -5) + -8 + 1
6
Evaluate -327 - -301 - (-8 + 0).
-18
Evaluate -22 + 30 + 22 - 6.
24
What is the value of 50 + 77 + -96 + (2 + 0 - 10)?
23
Calculate 0 - (3 - -11 - 8).
-6
What is the value of (11 - (-7 - -12)) + (1 - 10)?
-3
What is the value of (25 - 44